or of z and j?
5
Suppose -5*l + 140 = -2*t, -5*t - 5*l = 250 + 100. Let p = 118 + t. What is the greatest common divisor of p and 32?
16
Let b(p) = -p**3 + 13*p**2 - 12*p - 6. Let v be b(12). Let w be 12/5 + v/15. Suppose 0 = w*j - 36 - 24. What is the highest common divisor of 75 and j?
15
Let t be -1*5/(-20)*420. What is the greatest common factor of 30 and t?
15
Suppose 8*p - 13187 = 1501. What is the greatest common divisor of 34 and p?
34
Let h be (-696)/(-114) - 28/266. Let u be 24 - (1/1 - 1). Calculate the greatest common factor of u and h.
6
Suppose -742*h = -743*h + 117. What is the greatest common divisor of 13 and h?
13
Suppose -4*w - 36 = -5*w - 5*y, 3*y = 3*w - 54. What is the highest common divisor of w and 189?
21
Suppose -144 = 9*s - 13*s. Let y be (-1)/4 - (-434)/8. Calculate the highest common factor of y and s.
18
Let g = -41 - -41. Let r(d) be the second derivative of d**3/6 + 3*d**2 + d. Let y be r(g). What is the highest common factor of 54 and y?
6
Suppose -s = -2*s + 198. Let f = 15 + 11. Let w = 44 - f. What is the greatest common factor of s and w?
18
Let m = -1420 + 1857. Calculate the greatest common divisor of m and 38.
19
Let q = -24 + 56. Let w(i) be the second derivative of -i**3/6 + 13*i**2/2 + 4*i. Let c be w(5). Calculate the highest common factor of c and q.
8
Let b be ((-3)/2)/(9/(-12)). Let n be ((-162)/21)/(b/(-14)). Let g be 4*-1*(-1755)/52. What is the greatest common factor of n and g?
27
Let m be (15 - 15) + 326 - -2*2. Let v(n) = 7*n + 2. Let z be v(4). Calculate the greatest common divisor of m and z.
30
Suppose -3*g - 200 = -13*g. Suppose 6*j = j. Suppose j*z + 6 = 2*n + z, 0 = -2*n - 2*z + 2. What is the greatest common divisor of n and g?
5
Suppose 5 = 4*q - 15. Let o(s) = s**3 - 5*s**2 - 4*s - 4. Let m be o(7). Suppose -m = -q*a + 24. Calculate the highest common factor of a and 108.
18
Let i(p) = 2*p - 31. Let a be i(16). Suppose 0 = k - 4*k + 9. Suppose 5*s + 25 = 0, -2*z - 2*s + 9 = -k*s. Calculate the greatest common divisor of a and z.
1
Let v(p) = p + 1. Let a be (-2)/(-5) + 112/20 - -3. Let w be v(a). Suppose -k = -x - 8, -7 = -4*x + 1. What is the greatest common divisor of k and w?
10
Suppose 19*s - 26*s + 273 = 0. Let f(t) = t**3 - 5*t**2 + 7*t - 9. Let l be f(5). What is the greatest common factor of s and l?
13
Let o be 42/12 + -3 + (-5)/(-2). Suppose -p + u - 40 = -o*p, -u - 80 = -4*p. Calculate the highest common divisor of p and 5.
5
Suppose h + 7 = 30. What is the highest common divisor of 736 and h?
23
Suppose 0 = 5*a + 11 - 31. Suppose -a*f = 2*j - 32, -2*f - 3*f + 2*j + 58 = 0. What is the greatest common divisor of f and 10?
10
Let n(p) = -p**3 + 5*p**2 - p. Let i be n(4). Let v be -36*-6*(-3)/(-162). What is the highest common divisor of i and v?
4
Suppose -9 = -3*i + 30. Calculate the greatest common factor of i and 247.
13
Let f = 36 - -222. What is the greatest common factor of f and 43?
43
Suppose 126 = -30*o + 4416. What is the highest common divisor of 52 and o?
13
Let w = -25 - -33. Suppose l - 6 = 3*z, l - z = 3*z + w. Suppose 2*u = l, -u = 3*i + u - 45. Calculate the greatest common factor of i and 15.
15
Suppose 6*p - p = 40. Let z = 20 - p. Calculate the highest common factor of 84 and z.
12
Suppose 4*r + 144 = 2*y, 0 = -0*r - 5*r + 20. Let k = 26 - 18. Calculate the highest common factor of k and y.
8
Suppose 0 = -q + 1, 4*x + 12 = -0*x - 4*q. Let y = -78 - -54. Let o be 6/x*80/y. What is the highest common divisor of 5 and o?
5
Suppose 2*q = -216 + 18. Let z be q/(-5) - 2/(-10). What is the highest common factor of z and 10?
10
Let y be (-3)/12*0 - -5. Suppose 6 = -3*u, 0*u + 43 = y*v + u. Calculate the highest common factor of 72 and v.
9
Let m = -293 - -1024. Calculate the greatest common divisor of m and 17.
17
Let p = -13 + 18. Suppose 0 = -3*l + v + 119, -20 = -p*l - 3*v + 183. Calculate the highest common divisor of l and 30.
10
Let p be 32*385/150 - 2/15. Suppose 4 = 3*q - q. Suppose 0 = -z + 3*n - 1 + 31, q*n = -5*z + p. What is the highest common factor of 2 and z?
2
Let t = 859 - -1751. Calculate the greatest common divisor of t and 90.
90
Let n = 1015 + -837. What is the highest common divisor of 89 and n?
89
Let c = 460 + -450. Calculate the greatest common factor of c and 25.
5
Let y be (-523 + (12 - 9))/(2/(-8)). What is the highest common divisor of y and 20?
20
Let p = 55 - 15. Suppose -b - 4*j = -20, -2*b + 2*j = 7*j - p. Let o = 12 + -2. What is the highest common divisor of o and b?
10
Let x = -543 + 579. What is the highest common divisor of 192 and x?
12
Suppose -27*i + 204 = -147. Suppose 0 = -4*v + 3*v + 26. What is the greatest common divisor of i and v?
13
Let v(y) = y**3 - 5*y**2 - 2*y + 6. Let m(u) = -u**2 + 7*u + 11. Let w be m(8). Let h be v(w). Let r = h + 23. Calculate the highest common divisor of r and 20.
5
Let w be (0 - (0 - -12))*-1. Suppose -43 = -3*d - 1. Suppose d = z - 70. Calculate the greatest common divisor of w and z.
12
Let t = 1877 - 1802. Calculate the greatest common divisor of t and 240.
15
Suppose 0*a + 69 = -a. Let o = a + 147. Calculate the greatest common factor of o and 26.
26
Let z(s) = 17*s**3 - 35*s + 34. Let y be z(5). What is the highest common divisor of y and 62?
62
Let d(c) = -5*c**3 - c + 2. Let p be d(2). Let i = p - -63. Suppose 2*a = 4*h - 732, 5*h + 5*a = 10*a + 910. What is the greatest common divisor of h and i?
23
Let j be (-32)/(-1 - (-1 + 2/2)). Let h = 19 + j. Calculate the highest common divisor of h and 85.
17
Let v = -382 - -410. Suppose 159 = 3*c + 33. Calculate the highest common divisor of v and c.
14
Let u = -755 - -1035. What is the greatest common factor of u and 70?
70
Let b be 2/(11/9 + -1). Let g be 37*1 + 4 + -5. What is the highest common factor of g and b?
9
Suppose 4*w + 51 + 37 = 0. Let t be 48/w + (-10)/(-55). Let r be 6*6*t/(-4). Calculate the greatest common factor of 54 and r.
18
Suppose h = -4*a + 13, -2*h = 5*a + 9 - 26. Suppose -3*l + a*b = -264, 4*b - 602 + 189 = -5*l. Calculate the greatest common divisor of l and 34.
17
Suppose w + 5 + 12 = -4*r, 0 = 5*r + 20. Let c be 6 + -6*w/(-2). Suppose -399 = -3*k - c*f, -3 = -f - 2. Calculate the highest common factor of k and 12.
12
Let q(l) = -l**3 - 8*l**2 + 1. Let p(j) = j**2 + j - 1. Let b(w) = 6*p(w) + q(w). Let f be b(-5). Calculate the highest common factor of 360 and f.
40
Suppose 0 = k + n - 73, -n = 2*k + 3*n - 136. Calculate the highest common divisor of k and 12.
6
Let d(u) = -4*u**3 - 3*u**2 - 3*u - 6. Let b = 42 - 45. Let q be d(b). Calculate the greatest common divisor of q and 12.
12
Suppose -4*h + 52 = -0*h. Suppose -i = -2*r - 137, -i - 365 = 5*r + 4*i. Let t be 28/r + (-717)/(-5). Calculate the highest common divisor of t and h.
13
Let n = -70 - 24. Let b = 222 + n. Suppose -4*r + 128 + 0 = 0. What is the greatest common factor of r and b?
32
Suppose g - 2*j - 127 = 3*j, -583 = -4*g + 5*j. Suppose 4*f - 147 = 5. What is the highest common factor of f and g?
38
Let j be (-105)/(-6) + (-1)/(-2). Let w be (1 + -1)*j/(-72). Suppose w = 7*k - 5*k - 80. Calculate the highest common divisor of k and 16.
8
Let s = -49 - -102. Let f(m) = -2*m**3 + 27*m**2 + 23*m - 44. Let p be f(13). Calculate the greatest common factor of s and p.
53
Suppose 20 = -16*j + 14*j. Let n(c) = -c + 10. Let f be n(j). Let g = 249 - 89. What is the highest common divisor of g and f?
20
Suppose 5*a - 61 = 24. Suppose -3*m + a = 2*l, 4*m = 14 + 6. What is the highest common divisor of 1 and l?
1
Let t be (2/(-6))/(9/(-162)). Calculate the greatest common factor of 33 and t.
3
Let m be 2 - (32/4 + -4 - 5). Suppose -10*r + m*r + 896 = 0. What is the greatest common divisor of r and 16?
16
Suppose 30*s + 7130 = 40*s. What is the greatest common divisor of 23 and s?
23
Let m be 24 + 0 + -1 - 0. Suppose 2145*v - r - 245 = 2144*v, 2*r + 996 = 4*v. What is the greatest common divisor of v and m?
23
Let o be (-2 - 8)*(-42)/28. What is the greatest common divisor of 195 and o?
15
Let l be -3 - (4/(-3))/(8/24). Suppose 2*i - 4*o - 43 - l = 0, 73 = 3*i + o. What is the highest common divisor of 6 and i?
6
Suppose s = 5*c + 23, -32 + 10 = s + 4*c. Let z(b) = -4*b - 2. Let r be z(s). Let l = -18 + 20. Calculate the greatest common divisor of l a